22131?
-313022221
In base 3, what is 212 - -11100201?
11101120
In base 6, what is -11305 + -213?
-11522
In base 9, what is 8 + -1436?
-1427
In base 8, what is 5404045 - 2?
5404043
In base 3, what is 10 - 2211102212?
-2211102202
In base 2, what is -100100111 + 10010?
-100010101
In base 15, what is -64243a - 1?
-64243b
In base 3, what is 1 + 1222121211?
1222121212
In base 12, what is 1 + 7a181?
7a182
In base 8, what is 445 - 176?
247
In base 3, what is -20210210 + -22202?
-21010112
In base 5, what is 3132 - 4331?
-1144
In base 6, what is 5 - 155222?
-155213
In base 14, what is -4a - -12a0?
1254
In base 5, what is -104 - -1314?
1210
In base 15, what is -7731 + -2?
-7733
In base 9, what is -52402 + -5?
-52407
In base 11, what is -215 - -301?
97
In base 13, what is 469 + -3?
466
In base 2, what is -1000100000101110 + -10?
-1000100000110000
In base 10, what is -10738 - 14?
-10752
In base 12, what is 905 + -40?
885
In base 2, what is 100110100100110101 - 11?
100110100100110010
In base 10, what is 1850 - 0?
1850
In base 3, what is -1000222 + 200?
-1000022
In base 6, what is 115403 + 0?
115403
In base 3, what is -11 + -12111122101?
-12111122112
In base 13, what is -1794b - -5?
-17946
In base 6, what is 3121552 + 3?
3121555
In base 13, what is 7800 - 9?
77c4
In base 5, what is 1311004 + -2?
1311002
In base 3, what is -2110221 - 102210?
-2220201
In base 10, what is 3049 - -49?
3098
In base 16, what is b378 + 5?
b37d
In base 7, what is -13346362 + 5?
-13346354
In base 8, what is -46 + 23202?
23134
In base 13, what is 22 + -142a6?
-14284
In base 13, what is 348 - 1?
347
In base 4, what is 32101100030 - 2?
32101100022
In base 5, what is -344 + -104212?
-110111
In base 14, what is 14 - -2906?
291a
In base 16, what is 229c - 21?
227b
In base 3, what is 122122 + 2000?
201122
In base 12, what is 22 - 5519?
-54b7
In base 10, what is 2 - 486388?
-486386
In base 11, what is -3 - 96523?
-96526
In base 2, what is 1100011010011111 + 1101?
1100011010101100
In base 8, what is 126 + -12500?
-12352
In base 15, what is -49 + -496?
-4e0
In base 8, what is -44 + 2177?
2133
In base 2, what is -100101 - -1101111000?
1101010011
In base 5, what is -4 - 113223200?
-113223204
In base 3, what is 21021 + 1022?
22120
In base 4, what is 131123 + -11300?
113223
In base 9, what is 126437 + 0?
126437
In base 10, what is -178760 + 1?
-178759
In base 11, what is 287 + -3?
284
In base 7, what is -3644 + -6?
-3653
In base 13, what is 12 - -45?
57
In base 13, what is 269 + -17?
252
In base 11, what is -5080 + -139?
-5209
In base 15, what is 574d + -3?
574a
In base 10, what is -52550 + -10?
-52560
In base 7, what is 155260 - 2?
155255
In base 5, what is 231343 - 21?
231322
In base 9, what is 7 - 2055?
-2047
In base 13, what is -21a4 + -8?
-21ac
In base 7, what is 10 + -41622?
-41612
In base 15, what is 399a - 7?
3993
In base 7, what is -114 + 3114?
3000
In base 8, what is -1661 - -267?
-1372
In base 12, what is -b7 - 1832?
-1929
In base 15, what is -e - 95262?
-95271
In base 8, what is 7053414 - -1?
7053415
In base 4, what is -3 + 1321120?
1321111
In base 11, what is -3 - -1129a?
11297
In base 4, what is -2303100 + 10?
-2303030
In base 3, what is 1 + 1010211212?
1010211220
In base 6, what is -2 - -1221025?
1221023
In base 6, what is 3 - 311211?
-311204
In base 8, what is 5 - -46421?
46426
In base 5, what is 3 - -1014343?
1014401
In base 3, what is 0 - -112111221?
112111221
In base 2, what is -1011100 + -10000100111?
-10010000011
In base 5, what is 1110021 - -4?
1110030
In base 2, what is 11010000111 + -100000101001?
-110100010
In base 6, what is 11 + 121054?
121105
In base 13, what is -8 + -3156?
-3161
In base 7, what is 0 + 16344?
16344
In base 6, what is -551521 + 4?
-551513
In base 14, what is 17 + -138?
-121
In base 12, what is -30b + -83?
-392
In base 4, what is -213321132 + 3?
-213321123
In base 13, what is -51 - -332c?
32ab
In base 7, what is 21 + 11414?
11435
In base 9, what is 208 + 1506?
1715
In base 7, what is -14 - 2251?
-2265
In base 12, what is 121472 - 1?
121471
In base 5, what is 1340 - -4310?
11200
In base 13, what is a552 + 18?
a56a
In base 8, what is -35360 - -5?
-35353
In base 8, what is 3332 + 2324?
5656
In base 14, what is 48 - 43d7?
-438d
In base 15, what is -3 + -6231e?
-62322
In base 11, what is -3 + 17673?
17670
In base 11, what is -25883 - 1?
-25884
In base 6, what is 22205 - 122?
22043
In base 5, what is -10101134 - -443?
-10100141
In base 9, what is -4882156 - 0?
-4882156
In base 15, what is 4c - 1575?
-1528
In base 13, what is 3834 + 79?
38b0
In base 11, what is 8 + 141?
149
In base 12, what is -4 - -14298?
14294
In base 12, what is -650 + -29?
-679
In base 3, what is -201200200 - -12?
-201200111
In base 11, what is 344494 - 5?
34448a
In base 5, what is 23224 - -114?
23343
In base 10, what is -105 + -137?
-242
In base 7, what is -21 - 3630?
-3651
In base 11, what is 793 + -43?
750
In base 10, what is -177 + 363?
186
In base 14, what is -6 + -24c77?
-24c7d
In base 10, what is -4955 - -382?
-4573
In base 14, what is -5a4 - 139?
-6dd
In base 2, what is -100000101010 + -10001010?
-100010110100
In base 13, what is 5715 - 4?
5711
In base 7, what is 265 - -3314?
3612
In base 7, what is -1035 - 6610?
-10645
In base 12, what is -b1 + 103?
12
In base 4, what is -21100 - -1132?
-13302
In base 14, what is -24 - 2?
-26
In base 6, what is -4 - -1034301?
1034253
In base 4, what is 30 + -1211021?
-1210331
In base 5, what is 403 + -33332?
-32424
In base 3, what is -122022201122 - -201?
-122022200221
In base 7, what is -13012 + -56?
-13101
In base 13, what is 50ca - -5c?
5159
In base 8, what is 346670 + 25?
346715
In base 10, what is 4 + 270144?
270148
In base 9, what is -135 - 5820?
-6055
In base 4, what is 10 + -2331310100?
-2331310030
In base 16, what is 1d96f + -4?
1d96b
In base 13, what is 11a + -61?
89
In base 12, what is 338 + -1544?
-1208
In base 7, what is 2265516 - -4?
2265523
In base 7, what is 162122 - -120?
162242
In base 16, what is 5b + -2a1?
-246
In base 2, what is -11 - 10010100111100110?
-10010100111101001
In base 12, what is 5611 + -3?
560a
In base 5, what is -203 - -2231203?
2231000
In base 15, what is -5 - -18be?
18b9
In base 16, what is 3 + 437a6?
437a9
In base 7, what is -55031 + -222?
-55253
In base 7, what is 33520 - -12?
33532
In base 7, what is -55436006 - -2?
-55436004
In base 10, what is 244 - -3133?
3377
In base 13, what is -20179 - 37?
-201b3
In base 7, what is -341 - -24044?
23403
In base 2, what is -10 + -11000101110111110000?
-11000101110111110010
In base 16, what is 55e76 + 2?
55e78
In base 15, what is 93 + 2476?
2519
In base 4, what is 311 + 12211?
13122
In base 12, what is 3 - -396a13?
396a16
In base 4, what is -30122 + 220?
-23302
In base 13, what is 6 + 709?
712
In base 10, what is -2 - -16680?
16678
In base 14, what is -374b0 - 3?
-374b3
In base 4, what is -20101201321 - 0?
-20101201321
In base 13, what is 22 - -3094?
30b6
In base 16, what is 1d7d + 3e?
1dbb
In base 2, what is -111011001100 - -111?
-111011000101
In base 5, what is 4332132 - 0?
4332132
In base 10, what is -7 - 3315?
-3322
In base 14, what is 210 + -300?
-d0
In base 13, what is -119 + -163?
-27c
In base 13, what is -8 - -2559?
2551
In base 7, what is -4 + -541150?
-541154
In base 14, what is 2a8 - -173?
43b
In base 6, what is -305323 - -1?
-305322
In base 16, what is -5 - -5d7?
5d2
In base 10, what is 134212 - 3?
134209
In base 14, what is 8937d - -8?
89387
In base 16, what is ad - -178?
225
In base 14, what is -b194 + -4?
-b198
In base 4, what is -1 - 3320101011?
-3320101012
In base 6, what is 11325311 - -4?
11325315
In base 9, what is 3134 - 30?
3104
In base 13, what is 15905 - -5?
1590a
In base 15, what is -2803 + -69?
-286c
In base 9, what is 572833 - 7?
572825
In base 9, what is -151 + -311?
-462
In base 13, what is -19256 + 7?
-1924c
In base 12, what is 154530 - -1?
154531
In base 10, what is 5 + -224074?
-224069
In base 10, what is -185 + 1318?
1133
In base 15, what is -a1c91 + 0?
-a1c91
In base 12, what is 5 - -42417?
42420
In base 3, what is -122 - -10200002?
10122110
In base 12, what is 2165b35 + 5?
2165b3a
In base 7, what is 2 + -1436405?
-1436403
In base 6, what is -41 + -13302?
-13343
In base 7, what is -241636 - -1?
-241635
In base 8, what is 265 + 1310?
157